{"id":198,"date":"2012-06-01T10:14:23","date_gmt":"2012-06-01T10:14:23","guid":{"rendered":"http:\/\/demo.themeshift.com\/deposito\/?page_id=197"},"modified":"2021-12-01T09:36:26","modified_gmt":"2021-12-01T08:36:26","slug":"contact","status":"publish","type":"page","link":"https:\/\/www.bellof.se\/?page_id=198","title":{"rendered":"Medarbetare"},"content":{"rendered":"<div>\n<h2>Richard Sj\u00f6sten<\/h2>\n<p><strong>Producent, \u00e4gare.<br \/>\n<\/strong>Richard \u00e4r uppv\u00e4xt med tidningsmakeri. Richards farfar startade 1962 tidningen Jordbruks Aktuellt som sedemera togs \u00f6ver av Richards far Peter under 80-talet. Efter n\u00e5gra \u00e5r vid sidan av sin far p\u00e5 tidningen under sent 90-tal, tog Richard steget ut i stora v\u00e4rlden, utanf\u00f6r \u00d6rebro (!), och har sedan 2003 fotograferat och skrivit om bilar p\u00e5 tidningen auto motor &amp; sport. Sedan 2009, webb-tv-chef p\u00e5 auto motor &amp; sport, d\u00e4r han tillsammans med Fredrik Huldt producerade\u00a0uppm\u00e4rksammad och actionladdad bil-tv, som s\u00e4nts p\u00e5 bland annat TV8 och TV6. Har sedan 2009 drivit produktionsbolaget Yard Production.<br \/>\nRichard har \u00f6verlevt tv\u00e5 24 timmars race p\u00e5 N\u00fcrburgring och har k\u00f6rt jorden runt med en Toyota Land Cruiser samt vunnit Rally Raid-t\u00e4vlingen &#8221;Rally Albania&#8221;. Dessutom flera starter i endurolopp, bland annat Gotland Grand National samt slagit halv ihj\u00e4l sig i en Thundercat race-b\u00e5t och tagit SM-po\u00e4ng som navigat\u00f6r i b\u00e5tracing. M\u00e5nskensbonde i Uppland.<\/p>\n<p><strong>Tel:<\/strong> 076-655 66 46<br \/>\n<strong>E-post:<\/strong> <a href=\"mailto:richard@bellof.se\">richard@bellof.se<\/a><\/p>\n<\/div>\n<hr \/>\n<div>\n<h2><\/h2>\n<h2><span style=\"font-family: inherit; font-size: 18px;\">Anna Sj\u00f6sten<\/span><\/h2>\n<\/div>\n<div>\n<p><strong>Projektledare\/Inspelningsledare\/Ekonomi.<br \/>\n<\/strong>Anna var tidigare projektledare f\u00f6r programmet &#8221;Mot alla odds&#8221; till Sveriges Television. Tidigare TV-produktioner som projektledare \u00e4r bland annat: &#8221;Let\u00b4s Dance&#8221; till TV4, &#8221;Bonde s\u00f6ker Fru&#8221;, &#8221;Stj\u00e4rnor p\u00e5 Is&#8221;.<br \/>\nVann tillsammans med sin man standardbilsklassen i &#8221;Rally Albania&#8221; under sommaren 2014, samt blev trea i b\u00e5tracet &#8221;Speedcats B\u00e5stad Invitational&#8221; som navigat\u00f6r. Bra p\u00e5 att l\u00e4sa karta. \u00c4lskar att organisera.<br \/>\nEnergiknippe.<\/p>\n<p><strong>Tel:<\/strong>\u00a0073-0 50 37 77<br \/>\n<strong>E-post:<\/strong>\u00a0<a href=\"mailto:per@bellof.se\">anna@bellof.se<\/a><\/p>\n<div>\n<hr \/>\n<div><\/div>\n<\/div>\n<div><span style=\"color: #444444; font-family: inherit; font-size: 18px; letter-spacing: -1px;\">Pernilla Sj\u00f6sten<\/span><\/div>\n<p><strong>Art Director.<br \/>\n<\/strong>Storasyster med formk\u00e4nsla.<\/p>\n<p><strong>Tel:<\/strong> 070-339 17 90<br \/>\n<strong>E-post:<\/strong>\u00a0<a href=\"mailto:per@bellof.se\">pernilla@bellof.se<\/a><\/p>\n<hr \/>\n<div>\n<div>\n<\/div>\n<\/div>\n<div><\/div>\n<div><\/div>\n<\/div>\n<div><\/div>\n","protected":false},"excerpt":{"rendered":"<p>Richard Sj\u00f6sten Producent, \u00e4gare. Richard \u00e4r uppv\u00e4xt med tidningsmakeri. Richards farfar startade 1962 tidningen Jordbruks Aktuellt som sedemera togs \u00f6ver av Richards far Peter under 80-talet. Efter n\u00e5gra \u00e5r vid sidan av sin far p\u00e5 tidningen under sent 90-tal, tog Richard steget ut i stora v\u00e4rlden, utanf\u00f6r \u00d6rebro (!), och har sedan 2003 fotograferat och <a class=\"moretag\" href=\"https:\/\/www.bellof.se\/?page_id=198\">&rarr; L\u00e4s mer<\/a><\/p>\n","protected":false},"author":1,"featured_media":0,"parent":0,"menu_order":0,"comment_status":"closed","ping_status":"closed","template":"","meta":[],"_links":{"self":[{"href":"https:\/\/www.bellof.se\/index.php?rest_route=\/wp\/v2\/pages\/198"}],"collection":[{"href":"https:\/\/www.bellof.se\/index.php?rest_route=\/wp\/v2\/pages"}],"about":[{"href":"https:\/\/www.bellof.se\/index.php?rest_route=\/wp\/v2\/types\/page"}],"author":[{"embeddable":true,"href":"https:\/\/www.bellof.se\/index.php?rest_route=\/wp\/v2\/users\/1"}],"replies":[{"embeddable":true,"href":"https:\/\/www.bellof.se\/index.php?rest_route=%2Fwp%2Fv2%2Fcomments&post=198"}],"version-history":[{"count":70,"href":"https:\/\/www.bellof.se\/index.php?rest_route=\/wp\/v2\/pages\/198\/revisions"}],"predecessor-version":[{"id":1376,"href":"https:\/\/www.bellof.se\/index.php?rest_route=\/wp\/v2\/pages\/198\/revisions\/1376"}],"wp:attachment":[{"href":"https:\/\/www.bellof.se\/index.php?rest_route=%2Fwp%2Fv2%2Fmedia&parent=198"}],"curies":[{"name":"wp","href":"https:\/\/api.w.org\/{rel}","templated":true}]}}